{"id":2270,"date":"2026-04-24T05:39:17","date_gmt":"2026-04-24T05:39:17","guid":{"rendered":"https:\/\/mikelpiano.com\/?post_type=tribe_events&#038;p=2270"},"modified":"2026-04-24T05:39:17","modified_gmt":"2026-04-24T05:39:17","slug":"concierto-bihotsak-orduna","status":"publish","type":"tribe_events","link":"https:\/\/mikelpiano.com\/eu\/evento\/concierto-bihotsak-orduna\/","title":{"rendered":"Concierto BiHotsak Ordu\u00f1a"},"content":{"rendered":"<p><strong>No os perd\u00e1is este concierto de coros en Ordu\u00f1a<\/strong><\/p>\n<p>Este viernes, os invitamos a una tarde-noche de m\u00fasica coral en\u00a0 <strong>Ordu\u00f1a<\/strong>. Un plan perfecto para compartir m\u00fasica y emociones en familia. \u00a1Os esperamos para vivir una experiencia inolvidable!<\/p>\n<p>en caso de lluvia se trasladara a la parroquia Santa Maria.<\/p>\n<p>Zuen zain egongo gara!<\/p>\n<p><a class=\"x1i10hfl xjbqb8w x1ejq31n x18oe1m7 x1sy0etr xstzfhl x972fbf x10w94by x1qhh985 x14e42zd x9f619 x1ypdohk xt0psk2 x3ct3a4 xdj266r x14z9mp xat24cr x1lziwak xexx8yu xyri2b x18d9i69 x1c1uobl x16tdsg8 x1hl2dhg xggy1nq x1a2a7pz _aa9_ _a6hd\" tabindex=\"0\" role=\"link\" href=\"https:\/\/www.instagram.com\/explore\/tags\/asociacioncoral\/\">#asociacioncoral<\/a> <a class=\"x1i10hfl xjbqb8w x1ejq31n x18oe1m7 x1sy0etr xstzfhl x972fbf x10w94by x1qhh985 x14e42zd x9f619 x1ypdohk xt0psk2 x3ct3a4 xdj266r x14z9mp xat24cr x1lziwak xexx8yu xyri2b x18d9i69 x1c1uobl x16tdsg8 x1hl2dhg xggy1nq x1a2a7pz _aa9_ _a6hd\" tabindex=\"0\" role=\"link\" href=\"https:\/\/www.instagram.com\/explore\/tags\/bihotsakkoralelkartea\/\">#bihotsakkoralelkartea<\/a> <a class=\"x1i10hfl xjbqb8w x1ejq31n x18oe1m7 x1sy0etr xstzfhl x972fbf x10w94by x1qhh985 x14e42zd x9f619 x1ypdohk xt0psk2 x3ct3a4 xdj266r x14z9mp xat24cr x1lziwak xexx8yu xyri2b x18d9i69 x1c1uobl x16tdsg8 x1hl2dhg xggy1nq x1a2a7pz _aa9_ _a6hd\" tabindex=\"0\" role=\"link\" href=\"https:\/\/www.instagram.com\/explore\/tags\/orduna\">#ordu\u00f1a<\/a><\/p>","protected":false},"excerpt":{"rendered":"<p>No os perd\u00e1is este concierto de coros en Ordu\u00f1a Este viernes, os invitamos a una tarde-noche de m\u00fasica coral en\u00a0 Ordu\u00f1a. Un plan perfecto para compartir m\u00fasica y emociones en [&hellip;]<\/p>\n","protected":false},"author":4,"featured_media":1942,"template":"","meta":{"_tribe_events_status":"","_tribe_events_status_reason":"","footnotes":""},"tags":[],"tribe_events_cat":[],"class_list":["post-2270","tribe_events","type-tribe_events","status-publish","has-post-thumbnail","hentry"],"yoast_head":"<!-- This site is optimized with the Yoast SEO plugin v27.3 - https:\/\/yoast.com\/product\/yoast-seo-wordpress\/ -->\n<title>Concierto BiHotsak Ordu\u00f1a - Mikel Piano<\/title>\n<meta name=\"robots\" content=\"index, follow, max-snippet:-1, max-image-preview:large, max-video-preview:-1\" \/>\n<link rel=\"canonical\" href=\"https:\/\/mikelpiano.com\/eu\/evento\/concierto-bihotsak-orduna\/\" \/>\n<meta property=\"og:locale\" content=\"en_US\" \/>\n<meta property=\"og:type\" content=\"article\" \/>\n<meta property=\"og:title\" content=\"Concierto BiHotsak Ordu\u00f1a - Mikel Piano\" \/>\n<meta property=\"og:description\" content=\"No os perd\u00e1is este concierto de coros en Ordu\u00f1a Este viernes, os invitamos a una tarde-noche de m\u00fasica coral en\u00a0 Ordu\u00f1a. Un plan perfecto para compartir m\u00fasica y emociones en [&hellip;]\" \/>\n<meta property=\"og:url\" content=\"https:\/\/mikelpiano.com\/eu\/evento\/concierto-bihotsak-orduna\/\" \/>\n<meta property=\"og:site_name\" content=\"Mikel Piano\" \/>\n<meta property=\"og:image\" content=\"https:\/\/mikelpiano.com\/wp-content\/uploads\/2025\/07\/Aerea-1.png\" \/>\n\t<meta property=\"og:image:width\" content=\"239\" \/>\n\t<meta property=\"og:image:height\" content=\"211\" \/>\n\t<meta property=\"og:image:type\" content=\"image\/png\" \/>\n<meta name=\"twitter:card\" content=\"summary_large_image\" \/>\n<meta name=\"twitter:label1\" content=\"Est. reading time\" \/>\n\t<meta name=\"twitter:data1\" content=\"1 minutua\" \/>\n<script type=\"application\/ld+json\" class=\"yoast-schema-graph\">{\"@context\":\"https:\\\/\\\/schema.org\",\"@graph\":[{\"@type\":\"WebPage\",\"@id\":\"https:\\\/\\\/mikelpiano.com\\\/evento\\\/concierto-bihotsak-orduna\\\/\",\"url\":\"https:\\\/\\\/mikelpiano.com\\\/evento\\\/concierto-bihotsak-orduna\\\/\",\"name\":\"Concierto BiHotsak Ordu\u00f1a - Mikel Piano\",\"isPartOf\":{\"@id\":\"https:\\\/\\\/mikelpiano.com\\\/#website\"},\"primaryImageOfPage\":{\"@id\":\"https:\\\/\\\/mikelpiano.com\\\/evento\\\/concierto-bihotsak-orduna\\\/#primaryimage\"},\"image\":{\"@id\":\"https:\\\/\\\/mikelpiano.com\\\/evento\\\/concierto-bihotsak-orduna\\\/#primaryimage\"},\"thumbnailUrl\":\"https:\\\/\\\/mikelpiano.com\\\/wp-content\\\/uploads\\\/2025\\\/07\\\/Aerea-1.png\",\"datePublished\":\"2026-04-24T05:39:17+00:00\",\"breadcrumb\":{\"@id\":\"https:\\\/\\\/mikelpiano.com\\\/evento\\\/concierto-bihotsak-orduna\\\/#breadcrumb\"},\"inLanguage\":\"eu\",\"potentialAction\":[{\"@type\":\"ReadAction\",\"target\":[\"https:\\\/\\\/mikelpiano.com\\\/evento\\\/concierto-bihotsak-orduna\\\/\"]}]},{\"@type\":\"ImageObject\",\"inLanguage\":\"eu\",\"@id\":\"https:\\\/\\\/mikelpiano.com\\\/evento\\\/concierto-bihotsak-orduna\\\/#primaryimage\",\"url\":\"https:\\\/\\\/mikelpiano.com\\\/wp-content\\\/uploads\\\/2025\\\/07\\\/Aerea-1.png\",\"contentUrl\":\"https:\\\/\\\/mikelpiano.com\\\/wp-content\\\/uploads\\\/2025\\\/07\\\/Aerea-1.png\",\"width\":239,\"height\":211},{\"@type\":\"BreadcrumbList\",\"@id\":\"https:\\\/\\\/mikelpiano.com\\\/evento\\\/concierto-bihotsak-orduna\\\/#breadcrumb\",\"itemListElement\":[{\"@type\":\"ListItem\",\"position\":1,\"name\":\"Portada\",\"item\":\"https:\\\/\\\/mikelpiano.com\\\/\"},{\"@type\":\"ListItem\",\"position\":2,\"name\":\"Eventos\",\"item\":\"https:\\\/\\\/mikelpiano.com\\\/eventos\\\/\"},{\"@type\":\"ListItem\",\"position\":3,\"name\":\"Concierto BiHotsak Ordu\u00f1a\"}]},{\"@type\":\"WebSite\",\"@id\":\"https:\\\/\\\/mikelpiano.com\\\/#website\",\"url\":\"https:\\\/\\\/mikelpiano.com\\\/\",\"name\":\"Mikel Piano\",\"description\":\"Pianista Profesional\",\"publisher\":{\"@id\":\"https:\\\/\\\/mikelpiano.com\\\/#organization\"},\"potentialAction\":[{\"@type\":\"SearchAction\",\"target\":{\"@type\":\"EntryPoint\",\"urlTemplate\":\"https:\\\/\\\/mikelpiano.com\\\/?s={search_term_string}\"},\"query-input\":{\"@type\":\"PropertyValueSpecification\",\"valueRequired\":true,\"valueName\":\"search_term_string\"}}],\"inLanguage\":\"eu\"},{\"@type\":\"Organization\",\"@id\":\"https:\\\/\\\/mikelpiano.com\\\/#organization\",\"name\":\"Mikel Piano\",\"url\":\"https:\\\/\\\/mikelpiano.com\\\/\",\"logo\":{\"@type\":\"ImageObject\",\"inLanguage\":\"eu\",\"@id\":\"https:\\\/\\\/mikelpiano.com\\\/#\\\/schema\\\/logo\\\/image\\\/\",\"url\":\"https:\\\/\\\/mikelpiano.com\\\/wp-content\\\/uploads\\\/2024\\\/12\\\/cropped-MIKEL-GAZTANAGA.jpg\",\"contentUrl\":\"https:\\\/\\\/mikelpiano.com\\\/wp-content\\\/uploads\\\/2024\\\/12\\\/cropped-MIKEL-GAZTANAGA.jpg\",\"width\":500,\"height\":283,\"caption\":\"Mikel Piano\"},\"image\":{\"@id\":\"https:\\\/\\\/mikelpiano.com\\\/#\\\/schema\\\/logo\\\/image\\\/\"}}]}<\/script>\n<!-- \/ Yoast SEO plugin. -->","yoast_head_json":{"title":"Concierto BiHotsak Ordu\u00f1a - Mikel Piano","robots":{"index":"index","follow":"follow","max-snippet":"max-snippet:-1","max-image-preview":"max-image-preview:large","max-video-preview":"max-video-preview:-1"},"canonical":"https:\/\/mikelpiano.com\/eu\/evento\/concierto-bihotsak-orduna\/","og_locale":"en_US","og_type":"article","og_title":"Concierto BiHotsak Ordu\u00f1a - Mikel Piano","og_description":"No os perd\u00e1is este concierto de coros en Ordu\u00f1a Este viernes, os invitamos a una tarde-noche de m\u00fasica coral en\u00a0 Ordu\u00f1a. Un plan perfecto para compartir m\u00fasica y emociones en [&hellip;]","og_url":"https:\/\/mikelpiano.com\/eu\/evento\/concierto-bihotsak-orduna\/","og_site_name":"Mikel Piano","og_image":[{"width":239,"height":211,"url":"https:\/\/mikelpiano.com\/wp-content\/uploads\/2025\/07\/Aerea-1.png","type":"image\/png"}],"twitter_card":"summary_large_image","twitter_misc":{"Est. reading time":"1 minutua"},"schema":{"@context":"https:\/\/schema.org","@graph":[{"@type":"WebPage","@id":"https:\/\/mikelpiano.com\/evento\/concierto-bihotsak-orduna\/","url":"https:\/\/mikelpiano.com\/evento\/concierto-bihotsak-orduna\/","name":"Concierto BiHotsak Ordu\u00f1a - Mikel Piano","isPartOf":{"@id":"https:\/\/mikelpiano.com\/#website"},"primaryImageOfPage":{"@id":"https:\/\/mikelpiano.com\/evento\/concierto-bihotsak-orduna\/#primaryimage"},"image":{"@id":"https:\/\/mikelpiano.com\/evento\/concierto-bihotsak-orduna\/#primaryimage"},"thumbnailUrl":"https:\/\/mikelpiano.com\/wp-content\/uploads\/2025\/07\/Aerea-1.png","datePublished":"2026-04-24T05:39:17+00:00","breadcrumb":{"@id":"https:\/\/mikelpiano.com\/evento\/concierto-bihotsak-orduna\/#breadcrumb"},"inLanguage":"eu","potentialAction":[{"@type":"ReadAction","target":["https:\/\/mikelpiano.com\/evento\/concierto-bihotsak-orduna\/"]}]},{"@type":"ImageObject","inLanguage":"eu","@id":"https:\/\/mikelpiano.com\/evento\/concierto-bihotsak-orduna\/#primaryimage","url":"https:\/\/mikelpiano.com\/wp-content\/uploads\/2025\/07\/Aerea-1.png","contentUrl":"https:\/\/mikelpiano.com\/wp-content\/uploads\/2025\/07\/Aerea-1.png","width":239,"height":211},{"@type":"BreadcrumbList","@id":"https:\/\/mikelpiano.com\/evento\/concierto-bihotsak-orduna\/#breadcrumb","itemListElement":[{"@type":"ListItem","position":1,"name":"Portada","item":"https:\/\/mikelpiano.com\/"},{"@type":"ListItem","position":2,"name":"Eventos","item":"https:\/\/mikelpiano.com\/eventos\/"},{"@type":"ListItem","position":3,"name":"Concierto BiHotsak Ordu\u00f1a"}]},{"@type":"WebSite","@id":"https:\/\/mikelpiano.com\/#website","url":"https:\/\/mikelpiano.com\/","name":"Mikel Piano","description":"Pianista Profesional","publisher":{"@id":"https:\/\/mikelpiano.com\/#organization"},"potentialAction":[{"@type":"SearchAction","target":{"@type":"EntryPoint","urlTemplate":"https:\/\/mikelpiano.com\/?s={search_term_string}"},"query-input":{"@type":"PropertyValueSpecification","valueRequired":true,"valueName":"search_term_string"}}],"inLanguage":"eu"},{"@type":"Organization","@id":"https:\/\/mikelpiano.com\/#organization","name":"Mikel Piano","url":"https:\/\/mikelpiano.com\/","logo":{"@type":"ImageObject","inLanguage":"eu","@id":"https:\/\/mikelpiano.com\/#\/schema\/logo\/image\/","url":"https:\/\/mikelpiano.com\/wp-content\/uploads\/2024\/12\/cropped-MIKEL-GAZTANAGA.jpg","contentUrl":"https:\/\/mikelpiano.com\/wp-content\/uploads\/2024\/12\/cropped-MIKEL-GAZTANAGA.jpg","width":500,"height":283,"caption":"Mikel Piano"},"image":{"@id":"https:\/\/mikelpiano.com\/#\/schema\/logo\/image\/"}}]}},"_links":{"self":[{"href":"https:\/\/mikelpiano.com\/eu\/wp-json\/wp\/v2\/tribe_events\/2270","targetHints":{"allow":["GET"]}}],"collection":[{"href":"https:\/\/mikelpiano.com\/eu\/wp-json\/wp\/v2\/tribe_events"}],"about":[{"href":"https:\/\/mikelpiano.com\/eu\/wp-json\/wp\/v2\/types\/tribe_events"}],"author":[{"embeddable":true,"href":"https:\/\/mikelpiano.com\/eu\/wp-json\/wp\/v2\/users\/4"}],"version-history":[{"count":1,"href":"https:\/\/mikelpiano.com\/eu\/wp-json\/wp\/v2\/tribe_events\/2270\/revisions"}],"predecessor-version":[{"id":2272,"href":"https:\/\/mikelpiano.com\/eu\/wp-json\/wp\/v2\/tribe_events\/2270\/revisions\/2272"}],"wp:featuredmedia":[{"embeddable":true,"href":"https:\/\/mikelpiano.com\/eu\/wp-json\/wp\/v2\/media\/1942"}],"wp:attachment":[{"href":"https:\/\/mikelpiano.com\/eu\/wp-json\/wp\/v2\/media?parent=2270"}],"wp:term":[{"taxonomy":"post_tag","embeddable":true,"href":"https:\/\/mikelpiano.com\/eu\/wp-json\/wp\/v2\/tags?post=2270"},{"taxonomy":"tribe_events_cat","embeddable":true,"href":"https:\/\/mikelpiano.com\/eu\/wp-json\/wp\/v2\/tribe_events_cat?post=2270"}],"curies":[{"name":"wp","href":"https:\/\/api.w.org\/{rel}","templated":true}]}}

Concierto BiHotsak Orduña

<p><strong>No os perdáis este concierto de coros en Orduña</strong></p>
<p>Este viernes, os invitamos a una tarde-noche de música coral en  <strong>Orduña</strong>. Un plan perfecto para compartir música y emociones en familia. ¡Os esperamos para vivir una experiencia inolvidable!</p>
<p>en caso de lluvia se trasladara a la parroquia Santa Maria.</p>
<p>Zuen zain egongo gara!</p>
<p><a class="x1i10hfl xjbqb8w x1ejq31n x18oe1m7 x1sy0etr xstzfhl x972fbf x10w94by x1qhh985 x14e42zd x9f619 x1ypdohk xt0psk2 x3ct3a4 xdj266r x14z9mp xat24cr x1lziwak xexx8yu xyri2b x18d9i69 x1c1uobl x16tdsg8 x1hl2dhg xggy1nq x1a2a7pz _aa9_ _a6hd" tabindex="0" role="link" href="https://www.instagram.com/explore/tags/asociacioncoral/">#asociacioncoral</a> <a class="x1i10hfl xjbqb8w x1ejq31n x18oe1m7 x1sy0etr xstzfhl x972fbf x10w94by x1qhh985 x14e42zd x9f619 x1ypdohk xt0psk2 x3ct3a4 xdj266r x14z9mp xat24cr x1lziwak xexx8yu xyri2b x18d9i69 x1c1uobl x16tdsg8 x1hl2dhg xggy1nq x1a2a7pz _aa9_ _a6hd" tabindex="0" role="link" href="https://www.instagram.com/explore/tags/bihotsakkoralelkartea/">#bihotsakkoralelkartea</a> <a class="x1i10hfl xjbqb8w x1ejq31n x18oe1m7 x1sy0etr xstzfhl x972fbf x10w94by x1qhh985 x14e42zd x9f619 x1ypdohk xt0psk2 x3ct3a4 xdj266r x14z9mp xat24cr x1lziwak xexx8yu xyri2b x18d9i69 x1c1uobl x16tdsg8 x1hl2dhg xggy1nq x1a2a7pz _aa9_ _a6hd" tabindex="0" role="link" href="https://www.instagram.com/explore/tags/orduna">#orduña</a></p>

<p>No os perdáis este concierto de coros en Orduña Este viernes, os invitamos a una tarde-noche de música coral en  Orduña. Un plan perfecto para compartir música y emociones en [&hellip;]</p>

<!-- This site is optimized with the Yoast SEO plugin v27.3 - https://yoast.com/product/yoast-seo-wordpress/ -->
<title>Concierto BiHotsak Orduña - Mikel Piano</title>
<meta name="robots" content="index, follow, max-snippet:-1, max-image-preview:large, max-video-preview:-1" />
<link rel="canonical" href="https://mikelpiano.com/eu/evento/concierto-bihotsak-orduna/" />
<meta property="og:locale" content="en_US" />
<meta property="og:type" content="article" />
<meta property="og:title" content="Concierto BiHotsak Orduña - Mikel Piano" />
<meta property="og:description" content="No os perdáis este concierto de coros en Orduña Este viernes, os invitamos a una tarde-noche de música coral en  Orduña. Un plan perfecto para compartir música y emociones en [&hellip;]" />
<meta property="og:url" content="https://mikelpiano.com/eu/evento/concierto-bihotsak-orduna/" />
<meta property="og:site_name" content="Mikel Piano" />
<meta property="og:image" content="https://mikelpiano.com/wp-content/uploads/2025/07/Aerea-1.png" />
	<meta property="og:image:width" content="239" />
	<meta property="og:image:height" content="211" />
	<meta property="og:image:type" content="image/png" />
<meta name="twitter:card" content="summary_large_image" />
<meta name="twitter:label1" content="Est. reading time" />
	<meta name="twitter:data1" content="1 minutua" />
<script type="application/ld+json" class="yoast-schema-graph">{"@context":"https:\/\/schema.org","@graph":[{"@type":"WebPage","@id":"https:\/\/mikelpiano.com\/evento\/concierto-bihotsak-orduna\/","url":"https:\/\/mikelpiano.com\/evento\/concierto-bihotsak-orduna\/","name":"Concierto BiHotsak Orduña - Mikel Piano","isPartOf":{"@id":"https:\/\/mikelpiano.com\/#website"},"primaryImageOfPage":{"@id":"https:\/\/mikelpiano.com\/evento\/concierto-bihotsak-orduna\/#primaryimage"},"image":{"@id":"https:\/\/mikelpiano.com\/evento\/concierto-bihotsak-orduna\/#primaryimage"},"thumbnailUrl":"https:\/\/mikelpiano.com\/wp-content\/uploads\/2025\/07\/Aerea-1.png","datePublished":"2026-04-24T05:39:17+00:00","breadcrumb":{"@id":"https:\/\/mikelpiano.com\/evento\/concierto-bihotsak-orduna\/#breadcrumb"},"inLanguage":"eu","potentialAction":[{"@type":"ReadAction","target":["https:\/\/mikelpiano.com\/evento\/concierto-bihotsak-orduna\/"]}]},{"@type":"ImageObject","inLanguage":"eu","@id":"https:\/\/mikelpiano.com\/evento\/concierto-bihotsak-orduna\/#primaryimage","url":"https:\/\/mikelpiano.com\/wp-content\/uploads\/2025\/07\/Aerea-1.png","contentUrl":"https:\/\/mikelpiano.com\/wp-content\/uploads\/2025\/07\/Aerea-1.png","width":239,"height":211},{"@type":"BreadcrumbList","@id":"https:\/\/mikelpiano.com\/evento\/concierto-bihotsak-orduna\/#breadcrumb","itemListElement":[{"@type":"ListItem","position":1,"name":"Portada","item":"https:\/\/mikelpiano.com\/"},{"@type":"ListItem","position":2,"name":"Eventos","item":"https:\/\/mikelpiano.com\/eventos\/"},{"@type":"ListItem","position":3,"name":"Concierto BiHotsak Orduña"}]},{"@type":"WebSite","@id":"https:\/\/mikelpiano.com\/#website","url":"https:\/\/mikelpiano.com\/","name":"Mikel Piano","description":"Pianista Profesional","publisher":{"@id":"https:\/\/mikelpiano.com\/#organization"},"potentialAction":[{"@type":"SearchAction","target":{"@type":"EntryPoint","urlTemplate":"https:\/\/mikelpiano.com\/?s={search_term_string}"},"query-input":{"@type":"PropertyValueSpecification","valueRequired":true,"valueName":"search_term_string"}}],"inLanguage":"eu"},{"@type":"Organization","@id":"https:\/\/mikelpiano.com\/#organization","name":"Mikel Piano","url":"https:\/\/mikelpiano.com\/","logo":{"@type":"ImageObject","inLanguage":"eu","@id":"https:\/\/mikelpiano.com\/#\/schema\/logo\/image\/","url":"https:\/\/mikelpiano.com\/wp-content\/uploads\/2024\/12\/cropped-MIKEL-GAZTANAGA.jpg","contentUrl":"https:\/\/mikelpiano.com\/wp-content\/uploads\/2024\/12\/cropped-MIKEL-GAZTANAGA.jpg","width":500,"height":283,"caption":"Mikel Piano"},"image":{"@id":"https:\/\/mikelpiano.com\/#\/schema\/logo\/image\/"}}]}</script>
<!-- / Yoast SEO plugin. -->

Concierto BiHotsak Orduña - Mikel Piano

No os perdáis este concierto de coros en Orduña Este viernes, os invitamos a una tarde-noche de música coral en  Orduña. Un plan perfecto para compartir música y emociones en [&hellip;]
